{"id":85,"date":"2025-04-12T09:09:54","date_gmt":"2025-04-12T07:09:54","guid":{"rendered":"http:\/\/www.scene2rue.dev-mulhouse.fr\/2\/?page_id=85"},"modified":"2025-04-13T13:09:09","modified_gmt":"2025-04-13T11:09:09","slug":"lequipe","status":"publish","type":"page","link":"https:\/\/www.scene2rue.dev-mulhouse.fr\/2\/le-festival\/lequipe\/","title":{"rendered":"L&rsquo;\u00e9quipe"},"content":{"rendered":"\t\t<div data-elementor-type=\"wp-page\" data-elementor-id=\"85\" class=\"elementor elementor-85\" data-elementor-post-type=\"page\">\n\t\t\t\t<div class=\"elementor-element elementor-element-a59eebe e-flex e-con-boxed e-con e-parent\" data-id=\"a59eebe\" data-element_type=\"container\">\n\t\t\t\t\t<div class=\"e-con-inner\">\n\t\t\t\t<div class=\"elementor-element elementor-element-d87b8bf elementor-widget elementor-widget-text-editor\" data-id=\"d87b8bf\" data-element_type=\"widget\" data-widget_type=\"text-editor.default\">\n\t\t\t\t<div class=\"elementor-widget-container\">\n\t\t\t\t\t\t\t\t\t<p><strong>L\u2019\u00e9quipe<\/strong><br \/>Sc\u00e8nes de rue est un \u00e9v\u00e9nement organis\u00e9 par le service D\u00e9veloppement culturel de la Ville de Mulhouse.<\/p><ul><li><strong>Direction artistique<\/strong>\u00a0: Fr\u00e9d\u00e9ric R\u00e9my<\/li><li><strong>Direction administrative<\/strong>\u00a0: Eric Vincent<\/li><li><strong>Coordination g\u00e9n\u00e9rale &amp; conseil artistique<\/strong>\u00a0: Emmanuelle Telega assist\u00e9e d\u2019Alma Decaix-Massiani<\/li><li><strong>Direction technique<\/strong>\u00a0: Laurent Martin assist\u00e9 de Michel Zimmermann pour la r\u00e9gie g\u00e9n\u00e9rale et de Sandra Crat\u00e8re pour le secr\u00e9tariat technique.<\/li><li><strong>Production\/administration<\/strong>\u00a0: Emilie Delplanque assist\u00e9e d\u2019Alexandra Weisbeck et de Rachel Doad pour l\u2019accueil des compagnies.<\/li><li><strong>Accueil<\/strong>\u00a0: Judith Belle<\/li><\/ul>\t\t\t\t\t\t\t\t<\/div>\n\t\t\t\t<\/div>\n\t\t\t\t\t<\/div>\n\t\t\t\t<\/div>\n\t\t\t\t<\/div>\n\t\t","protected":false},"excerpt":{"rendered":"<p>L\u2019\u00e9quipeSc\u00e8nes de rue est un \u00e9v\u00e9nement organis\u00e9 par le service D\u00e9veloppement culturel de la Ville de Mulhouse. Direction artistique\u00a0: Fr\u00e9d\u00e9ric R\u00e9my Direction administrative\u00a0: Eric Vincent Coordination g\u00e9n\u00e9rale &amp; conseil artistique\u00a0: Emmanuelle Telega assist\u00e9e d\u2019Alma Decaix-Massiani Direction technique\u00a0: Laurent Martin assist\u00e9 de Michel Zimmermann pour la r\u00e9gie g\u00e9n\u00e9rale et de Sandra Crat\u00e8re pour le secr\u00e9tariat technique. [&hellip;]<\/p>\n","protected":false},"author":1,"featured_media":0,"parent":23,"menu_order":0,"comment_status":"closed","ping_status":"closed","template":"","meta":{"footnotes":""},"class_list":["post-85","page","type-page","status-publish","hentry"],"_links":{"self":[{"href":"https:\/\/www.scene2rue.dev-mulhouse.fr\/2\/wp-json\/wp\/v2\/pages\/85","targetHints":{"allow":["GET"]}}],"collection":[{"href":"https:\/\/www.scene2rue.dev-mulhouse.fr\/2\/wp-json\/wp\/v2\/pages"}],"about":[{"href":"https:\/\/www.scene2rue.dev-mulhouse.fr\/2\/wp-json\/wp\/v2\/types\/page"}],"author":[{"embeddable":true,"href":"https:\/\/www.scene2rue.dev-mulhouse.fr\/2\/wp-json\/wp\/v2\/users\/1"}],"replies":[{"embeddable":true,"href":"https:\/\/www.scene2rue.dev-mulhouse.fr\/2\/wp-json\/wp\/v2\/comments?post=85"}],"version-history":[{"count":4,"href":"https:\/\/www.scene2rue.dev-mulhouse.fr\/2\/wp-json\/wp\/v2\/pages\/85\/revisions"}],"predecessor-version":[{"id":720,"href":"https:\/\/www.scene2rue.dev-mulhouse.fr\/2\/wp-json\/wp\/v2\/pages\/85\/revisions\/720"}],"up":[{"embeddable":true,"href":"https:\/\/www.scene2rue.dev-mulhouse.fr\/2\/wp-json\/wp\/v2\/pages\/23"}],"wp:attachment":[{"href":"https:\/\/www.scene2rue.dev-mulhouse.fr\/2\/wp-json\/wp\/v2\/media?parent=85"}],"curies":[{"name":"wp","href":"https:\/\/api.w.org\/{rel}","templated":true}]}}