{"id":81,"date":"2025-04-12T09:09:15","date_gmt":"2025-04-12T07:09:15","guid":{"rendered":"http:\/\/www.scene2rue.dev-mulhouse.fr\/2\/?page_id=81"},"modified":"2025-04-13T13:07:28","modified_gmt":"2025-04-13T11:07:28","slug":"soutien-a-la-creation","status":"publish","type":"page","link":"https:\/\/www.scene2rue.dev-mulhouse.fr\/2\/le-festival\/soutien-a-la-creation\/","title":{"rendered":"Soutien \u00e0 la cr\u00e9ation"},"content":{"rendered":"\t\t<div data-elementor-type=\"wp-page\" data-elementor-id=\"81\" class=\"elementor elementor-81\" data-elementor-post-type=\"page\">\n\t\t\t\t<div class=\"elementor-element elementor-element-386edd1 e-flex e-con-boxed e-con e-parent\" data-id=\"386edd1\" data-element_type=\"container\">\n\t\t\t\t\t<div class=\"e-con-inner\">\n\t\t\t\t<div class=\"elementor-element elementor-element-6a75230f elementor-widget elementor-widget-text-editor\" data-id=\"6a75230f\" data-element_type=\"widget\" data-widget_type=\"text-editor.default\">\n\t\t\t\t<div class=\"elementor-widget-container\">\n\t\t\t\t\t\t\t\t\t<p><\/p>\n<p>\u00a0<\/p>\n<p> <\/p>\n<p>Depuis quelques ann\u00e9es, et face aux besoins croissants des compagnies, un axe est d\u00e9fendu autour du soutien \u00e0 la jeune cr\u00e9ation. Le festival offre des opportunit\u00e9s de monstration \u00e0 de jeunes artistes, propose \u00e0 d\u2019autres d\u2019exp\u00e9rimenter l\u2019espace public comme lieu de repr\u00e9sentation et positionne le festival comme un \u00e9v\u00e8nement pr\u00e9curseur. Les accueils en r\u00e9sidence, les laboratoires artistiques, les projets in-situ ou en cours d\u2019\u00e9laboration font partie de l\u2019ADN de Sc\u00e8nes de rue.<\/p>\n<p> <\/p>\n<h3 class=\"wp-block-heading\">Quelques exemples :<\/h3>\n<p> <\/p>\n<p>2018<br \/>En amont du festival : R\u00e9sidence LUIT &gt; \u00c0 venir.<\/p>\n<p> <\/p>\n<p>Pendant le festival :<\/p>\n<p> <\/p>\n<ul class=\"wp-block-list\">\n<li>R\u00e9sidence de 3 semaines Mathilde Delahaye &gt; Maladie ou Femmes modernes<\/li>\n \n<li>Cr\u00e9ations :\n<ul class=\"wp-block-list\">\n<li>Artonik &gt; Sangkhumtha : Hope<\/li>\n \n<li>Atelier Mobile &gt; Nicolette &amp; Aucassin<\/li>\n \n<li>Au-Del\u00e0 Du Bleu &gt; L\u2019ivresse d\u2019une approche<\/li>\n \n<li>Carnage Productions &gt; Zata\u00efev<\/li>\n \n<li>Cie Bouche \u00e0 Bouche &gt; Marie-Do Fr\u00e9val en concert Sappho Nique<\/li>\n \n<li>Cie Carabosse &gt; Par les temps qui courent\u2026<\/li>\n \n<li>ERD\u2019O &gt; J\u2019ai peur quand la nuit sombre\u2026<\/li>\n \n<li>Kameloso &gt; Bingo Royal<\/li>\n \n<li>LUIT &gt; \u00c0 Venir<\/li>\n \n<li>Munstrum th\u00e9\u00e2tre &gt; Clownstrum<\/li>\n<\/ul>\n<\/li>\n<\/ul>\n<p> <\/p>\n<p>2017<br \/>R\u00e9sidence de cr\u00e9ation :<\/p>\n<p> <\/p>\n<ul class=\"wp-block-list\">\n<li>Chloe Moglia \/ Rhizome &gt; La Spire \u2013 Topos Topo\u00ef (titre provisoire)<\/li>\n \n<li>Les 3 points de suspension &gt; ISLAND(S)<\/li>\n \n<li>T\u00e9l\u00e9-city &gt; T\u00e9h\u00e9ran.<\/li>\n<\/ul>\n<p> <\/p>\n<p>Cr\u00e9ations :<\/p>\n<p> <\/p>\n<ul class=\"wp-block-list\">\n<li>Carnage Productions &gt; Zero Killed<\/li>\n \n<li>Chris Cadillac &gt; Las Vanitas<\/li>\n \n<li>Cie Bicepsuelle &gt; Team Quatre<\/li>\n \n<li>Cirque Inextremiste &gt; Exit<\/li>\n \n<li>Kaaos Kaamos &gt; Kaaos Kaamos<\/li>\n \n<li>Les Filles du Renard blanc &gt; Reflet \/ Haut perch\u00e9e<\/li>\n \n<li>Lumi\u00e8re d\u2019Ao\u00fbt &gt; \u00c7a s\u2019\u00e9crit T-C-H<\/li>\n \n<li>Mio Company &gt; Palabre<\/li>\n \n<li>Tout en Vrac &gt; Le Cuirass\u00e9 Potemkine<\/li>\n \n<li>Uz &amp; Coutumes &gt; Souk.<\/li>\n<\/ul>\n<p> <\/p>\n<p>2016<br \/>En amont du festival :<\/p>\n<p> <\/p>\n<ul class=\"wp-block-list\">\n<li>R\u00e9sidence du Collectif Bim \/ Coll\u00e8ge Wolf \/ Parc Wagner<\/li>\n \n<li>R\u00e9sidence Association Roure.<\/li>\n<\/ul>\n<p> <\/p>\n<p>Pendant le festival :<\/p>\n<p> <\/p>\n<ul class=\"wp-block-list\">\n<li>Workshop Le Gang de la Tartine\/Iacopo Fulgi<\/li>\n \n<li>Mise en rue L\u2019Acad\u00e9mie Fratellini \u2013 \u0152il ext\u00e9rieur Nathalie Pernette<\/li>\n \n<li>Workshop French Freerun Family &amp; Sa\u00efmiri Parkour.<\/li>\n<\/ul>\n<p> <\/p>\n<p>2015<\/p>\n<p> <\/p>\n<ul class=\"wp-block-list\">\n<li>Acad\u00e9mie Fratellini &gt; Num\u00e9ros libres<\/li>\n \n<li>Cie Acte &gt; JOURNAL d\u2019un SEUL JOUR<\/li>\n \n<li>Cie Alixem &gt; Trip(es) ou Mes parents n\u2019ont pas eu les couilles de faire des enfants<\/li>\n \n<li>Collectif Random &gt; Out !<\/li>\n \n<li>Collectif Bim &gt; Place de la R\u00e9publique ?<\/li>\n \n<li>La Grande Tombola &gt; Le Space Camping &gt; Le Championnat du monde de ricochet fluorescent &gt; La Tombola.<\/li>\n<\/ul>\n<p> <\/p>\n<p>2014<\/p>\n<p> <\/p>\n<ul class=\"wp-block-list\">\n<li>Elodie Messonier (Makadam Kanibal) &gt; Anatomique<\/li>\n \n<li>Cie Microsillon &gt; Urban Bobitch<\/li>\n \n<li>Kamchatka &gt; Fugit<\/li>\n \n<li>Cie d\u2019Elles &gt; Une fuite \u00e0 cheval tr\u00e8s loin dans la ville<\/li>\n \n<li>Projet parkour &amp; cirque (avec la French Freerun Family) &gt; Laboratoire de recherche<\/li>\n \n<li>Acad\u00e9mie Fratellini &gt; L\u2019Acad\u00e9mie hors les murs<\/li>\n \n<li>Cie des l\u00e9gendes urbaines &gt; Comme j\u2019\u00e9tais en quelque sorte amoureux de ces fleurs-l\u00e0.<\/li>\n<\/ul>\n<p> <\/p>\n<p>2013<\/p>\n<p> <\/p>\n<ul class=\"wp-block-list\">\n<li>Cie Nathalie Pernette &gt; La Collection aux bains municipaux<\/li>\n \n<li>Orchestre symphonique de Mulhouse &gt; Ponctuations musicales aux Bains<\/li>\n \n<li>Le Cubitus du Manchot &gt; Le Manchot Show &gt; L\u2019Orchestre du Manchot ?<\/li>\n \n<li>Asphalt Piloten &gt; Dark Side of the Moon<\/li>\n \n<li>Malaxe &gt; Limite de discr\u00e9tion<\/li>\n \n<li>S\u00e9bastien Wojdan &gt; Marathon<\/li>\n \n<li>Act2 &gt; Parcours chor\u00e9graphique.<\/li>\n<\/ul>\n<p> <\/p>\n<p>2012<\/p>\n<p> <\/p>\n<ul class=\"wp-block-list\">\n<li>Asphalt Piloten &gt; Tape Riot<\/li>\n \n<li>Cirque Pardi &gt; Carte Blanche<\/li>\n \n<li>En Rang d\u2019Oignons Compagnie &gt; Les Liaisons dangereuses (sur terrain multisports)<\/li>\n \n<li>La Folie Kilom\u00e8tre &gt; La Canop\u00e9e<\/li>\n \n<li>Sans Paradis Fixe &gt; Carte blanche philarmonique<\/li>\n \n<li>Cie Rio \/ Chat\u2019pitre Cie &gt; Promenades urbaines.<\/li>\n<\/ul>\n<p> <\/p>\n<p>2011<\/p>\n<p> <\/p>\n<ul class=\"wp-block-list\">\n<li>Ragroof Theater (Angleterre) &amp; Cie Vendaval &gt; Bridges<\/li>\n \n<li>Julie Lefevre &gt; La fabrique fastidieuse et Garrrnements<\/li>\n \n<li>Anne Cort\u00e9 &gt; Exp\u00e9riences de bananalit\u00e9.<\/li>\n<\/ul>\n<p><\/p>\t\t\t\t\t\t\t\t<\/div>\n\t\t\t\t<\/div>\n\t\t\t\t\t<\/div>\n\t\t\t\t<\/div>\n\t\t\t\t<\/div>\n\t\t","protected":false},"excerpt":{"rendered":"<p>\u00a0 Depuis quelques ann\u00e9es, et face aux besoins croissants des compagnies, un axe est d\u00e9fendu autour du soutien \u00e0 la jeune cr\u00e9ation. Le festival offre des opportunit\u00e9s de monstration \u00e0 de jeunes artistes, propose \u00e0 d\u2019autres d\u2019exp\u00e9rimenter l\u2019espace public comme lieu de repr\u00e9sentation et positionne le festival comme un \u00e9v\u00e8nement pr\u00e9curseur. Les accueils en r\u00e9sidence, [&hellip;]<\/p>\n","protected":false},"author":1,"featured_media":0,"parent":23,"menu_order":0,"comment_status":"closed","ping_status":"closed","template":"","meta":{"footnotes":""},"class_list":["post-81","page","type-page","status-publish","hentry"],"_links":{"self":[{"href":"https:\/\/www.scene2rue.dev-mulhouse.fr\/2\/wp-json\/wp\/v2\/pages\/81","targetHints":{"allow":["GET"]}}],"collection":[{"href":"https:\/\/www.scene2rue.dev-mulhouse.fr\/2\/wp-json\/wp\/v2\/pages"}],"about":[{"href":"https:\/\/www.scene2rue.dev-mulhouse.fr\/2\/wp-json\/wp\/v2\/types\/page"}],"author":[{"embeddable":true,"href":"https:\/\/www.scene2rue.dev-mulhouse.fr\/2\/wp-json\/wp\/v2\/users\/1"}],"replies":[{"embeddable":true,"href":"https:\/\/www.scene2rue.dev-mulhouse.fr\/2\/wp-json\/wp\/v2\/comments?post=81"}],"version-history":[{"count":5,"href":"https:\/\/www.scene2rue.dev-mulhouse.fr\/2\/wp-json\/wp\/v2\/pages\/81\/revisions"}],"predecessor-version":[{"id":714,"href":"https:\/\/www.scene2rue.dev-mulhouse.fr\/2\/wp-json\/wp\/v2\/pages\/81\/revisions\/714"}],"up":[{"embeddable":true,"href":"https:\/\/www.scene2rue.dev-mulhouse.fr\/2\/wp-json\/wp\/v2\/pages\/23"}],"wp:attachment":[{"href":"https:\/\/www.scene2rue.dev-mulhouse.fr\/2\/wp-json\/wp\/v2\/media?parent=81"}],"curies":[{"name":"wp","href":"https:\/\/api.w.org\/{rel}","templated":true}]}}